 digit of 21575642?
7
What is the units digit of 14077250?
0
What is the units digit of 13855710?
0
What is the thousands digit of 83479?
3
What is the ten thousands digit of 627836?
2
What is the ten thousands digit of 4993736?
9
What is the units digit of 3067522?
2
What is the hundred thousands digit of 946264?
9
What is the units digit of 122?
2
What is the units digit of 881619?
9
What is the hundreds digit of 152022?
0
What is the millions digit of 5791777?
5
What is the hundred thousands digit of 1454414?
4
What is the tens digit of 2159371?
7
What is the hundred thousands digit of 661871?
6
What is the hundreds digit of 177412?
4
What is the thousands digit of 957803?
7
What is the hundreds digit of 303141?
1
What is the thousands digit of 1143522?
3
What is the thousands digit of 881892?
1
What is the thousands digit of 13246907?
6
What is the hundreds digit of 4226847?
8
What is the hundred thousands digit of 2321633?
3
What is the hundreds digit of 224809?
8
What is the units digit of 401374?
4
What is the hundreds digit of 316547?
5
What is the hundreds digit of 333141?
1
What is the tens digit of 3216872?
7
What is the tens digit of 18064931?
3
What is the tens digit of 153252?
5
What is the thousands digit of 192960?
2
What is the ten thousands digit of 542120?
4
What is the hundred thousands digit of 7429654?
4
What is the tens digit of 21923721?
2
What is the ten thousands digit of 240403?
4
What is the hundreds digit of 717865?
8
What is the tens digit of 1173588?
8
What is the millions digit of 6080603?
6
What is the millions digit of 2092257?
2
What is the thousands digit of 200081?
0
What is the thousands digit of 8384165?
4
What is the hundreds digit of 1939200?
2
What is the ten thousands digit of 10096913?
9
What is the millions digit of 2243154?
2
What is the tens digit of 7510561?
6
What is the units digit of 992982?
2
What is the tens digit of 126308?
0
What is the hundred thousands digit of 2401548?
4
What is the hundreds digit of 3279?
2
What is the thousands digit of 6899387?
9
What is the hundreds digit of 6102?
1
What is the hundred thousands digit of 1112554?
1
What is the hundred thousands digit of 3957745?
9
What is the millions digit of 3938448?
3
What is the ten thousands digit of 133488?
3
What is the thousands digit of 248461?
8
What is the hundreds digit of 99616?
6
What is the tens digit of 812920?
2
What is the units digit of 517294?
4
What is the hundreds digit of 194772?
7
What is the units digit of 10287635?
5
What is the units digit of 3311341?
1
What is the units digit of 133034?
4
What is the ten thousands digit of 29587933?
8
What is the ten thousands digit of 20021904?
2
What is the units digit of 1131936?
6
What is the ten thousands digit of 649552?
4
What is the ten thousands digit of 746898?
4
What is the tens digit of 1248001?
0
What is the hundred thousands digit of 191216?
1
What is the hundreds digit of 12591313?
3
What is the ten thousands digit of 181714?
8
What is the hundreds digit of 28888856?
8
What is the thousands digit of 1247454?
7
What is the units digit of 70574?
4
What is the hundreds digit of 1574919?
9
What is the ten millions digit of 12568308?
1
What is the ten thousands digit of 3901848?
0
What is the hundreds digit of 211258?
2
What is the hundreds digit of 179442?
4
What is the tens digit of 7031282?
8
What is the ten thousands digit of 26776767?
7
What is the units digit of 5872165?
5
What is the ten thousands digit of 42544?
4
What is the hundreds digit of 507181?
1
What is the thousands digit of 2560278?
0
What is the ten thousands digit of 381918?
8
What is the hundred thousands digit of 1075248?
0
What is the hundreds digit of 165220?
2
What is the thousands digit of 293384?
3
What is the tens digit of 1134741?
4
What is the hundred thousands digit of 346286?
3
What is the hundred thousands digit of 2203107?
2
What is the millions digit of 13355429?
3
What is the thousands digit of 1721643?
1
What is the hundred thousands digit of 985528?
9
What is the thousands digit of 822828?
2
What is the hundred thousands digit of 402729?
4
What is the thousands digit of 5257804?
7
What is the hundreds digit of 332978?
9
What is the units digit of 4823424?
4
What is the thousands digit of 133021?
3
What is the thousands digit of 198006?
8
What is the thousands digit of 204456?
4
What is the thousands digit of 838992?
8
What is the hundred thousands digit of 1058967?
0
What is the hundred thousands digit of 208144?
2
What is the thousands digit of 189243?
9
What is the units digit of 131992?
2
What is the ten thousands digit of 215020?
1
What is the thousands digit of 14187236?
7
What is the tens digit of 5128829?
2
What is the hundred thousands digit of 1395252?
3
What is the units digit of 433459?
9
What is the hundred thousands digit of 407316?
4
What is the hundreds digit of 6818146?
1
What is the thousands digit of 3549435?
9
What is the units digit of 19949990?
0
What is the hundreds digit of 370516?
5
What is the units digit of 170330?
0
What is the units digit of 6712594?
4
What is the tens digit of 44986866?
6
What is the hundreds digit of 1074472?
4
What is the tens digit of 194387?
8
What is the ten thousands digit of 193666?
9
What is the hundreds digit of 398821?
8
What is the hundred thousands digit of 299534?
2
What is the millions digit of 5792937?
5
What is the thousands digit of 139730?
9
What is the millions digit of 14752742?
4
What is the units digit of 629702?
2
What is the ten thousands digit of 16574995?
7
What is the units digit of 4131?
1
What is the thousands digit of 65415?
5
What is the hundred thousands digit of 1404254?
4
What is the hundreds digit of 162613?
6
What is the ten thousands digit of 79641?
7
What is the ten thousands digit of 2436047?
3
What is the hundreds digit of 263279?
2
What is the millions digit of 8439511?
8
What is the units digit of 4118345?
5
What is the hundred thousands digit of 115072?
1
What is the hundred thousands digit of 1464891?
4
What is the tens digit of 503717?
1
What is the units digit of 9322769?
9
What is the ten millions digit of 23962708?
2
What is the hundreds digit of 338997?
9
What is the tens digit of 427347?
4
What is the millions digit of 6688863?
6
What is the hundred thousands digit of 2335995?
3
What is the thousands digit of 30702?
0
What is the ten thousands digit of 3307828?
0
What is the ten thousands digit of 1085963?
8
What is the units digit of 1280564?
4
What is the units digit of 5042196?
6
What is the units digit of 4471883?
3
What is the hundreds digit of 1607426?
4
What is the hundreds digit of 154146?
1
What is the hundreds digit of 257221?
2
What is the hundred thousands digit of 3248138?
2
What is the units digit of 35998391?
1
What is the thousands digit of 2920239?
0
What is the tens digit of 178857?
5
What is the ten thousands digit of 400823?
0
What is the hundred thousands digit of 1420998?
4
What is the hundreds digit of 140134?
1
What is the units digit of 538880?
0
What is the hundreds digit of 727234?
2
What is the ten thousands digit of 266691?
6
What is the hundreds digit of 235892?
8
What is the hundred thousands digit of 3083529?
0
What is the tens digit of 491502?
0
What is the ten thousands digit of 77663?
7
What is the ten thousands digit of 26064228?
6
What is the hundreds digit of 907053?
0
What is the hundred thousands digit of 134628?
1
What is the hundreds digit of 7668235?
2
What is the thousands digit of 18327441?
7
What is the hundreds digit of 2810646?
6
What is the hundred thousands digit of 978967?
9
What is the tens digit of 146733?
3
What is the hundreds digit of 90881?
8
What is the thousands digit of 742983?
2
What is the units digit of 194298?
8
What is the ten thousands digit of 1479742?
7
What is the millions digit of 4430357?
4
What is the hundred thousands digit of 15255770?
2
What is the ten thousands digit of 169490?
6
What is the hundred thousands digit of 166037?
1
What is the units digit of 15739563?
3
What is the millions digit of 9923195?
9
What is the units digit of 74762?
2
What is the thousands digit of 7465740?
5
What is the hundred thousands digit of 186871?
1
What is the ten millions digit of 10672518?
1
What is the ten thousands